t j(g) = 28*g**2 - g + 2. Suppose x = -5*h - x + 15, -3*x = -2*h + 6. Is j(h) prime?
True
Suppose -5*k + 211 + 349 = 0. Suppose 5*b + 0*b + 159 = 4*p, 0 = -2*p - 4*b + k. Is p a prime number?
False
Suppose 5*t - 5103 = -2*t. Let d = 1022 - t. Is d prime?
True
Is (-15)/10*60688/(-24) a prime number?
True
Let j(u) = -u**3 + 21*u**2 + 60*u - 41. Is j(21) prime?
False
Let c(s) = 3846*s - 271. Is c(13) prime?
True
Suppose 0*n - n - 11 = 0. Let d = 15 + n. Suppose -4*i + 4*u = -432, 0*i - d*i = -5*u - 429. Is i a composite number?
True
Suppose -9*x + 12670 + 8327 = 0. Is x a prime number?
True
Let z(v) = -33*v - 12. Let g be z(-7). Suppose -n - g = 134. Let y = n - -512. Is y composite?
True
Suppose -o - 5*m = -10027, -3*o + 30001 = 3*m - 8*m. Is o a prime number?
True
Let i = 51 + -86. Is (-5)/((-75)/i)*-57 a prime number?
False
Let s be -1 - ((-3)/1 + 0). Suppose 0*b + b - s*y = 77, -5*b - 3*y + 411 = 0. Is (-18)/b - 3800/(-9) a composite number?
True
Let l = 64029 - 41212. Is l a prime number?
True
Is 12898 + 5/(-2)*(-42)/(-35) a prime number?
False
Suppose 5*c - 4*x = 26505, 0 = -c + 5*x + 1927 + 3395. Is c a prime number?
True
Is (-204218)/(-126) + (-2)/(-9) a prime number?
True
Let d(m) = 2*m. Let u be d(1). Suppose 0*k - 4*q + 26 = 3*k, -4*k - 2 = -u*q. Suppose 3*s - 969 = 3*o, -8*s + 4*s + 1292 = -k*o. Is s a composite number?
True
Suppose -43*s - 208573 = -60*s. Is s a prime number?
True
Let b(l) = -57*l**3 - 4*l**2 - 2*l + 2. Suppose q + 7 = -4*p - 8, q - 4*p = 9. Is b(q) composite?
False
Let n(a) be the third derivative of a**6/120 + a**4/24 + a**3/2 - 2*a**2. Let t be n(-6). Is (7 - t)*(-5)/(-2) a composite number?
True
Suppose 9*f = 10*f. Suppose -1568 + f = 2*w. Is w/8*1/(-2) a prime number?
False
Suppose 0 = -4*z + 62 - 46. Suppose -3*m = 4*o - 26441, z*m - 2*o - 33603 = 1681. Is m a composite number?
False
Suppose 0 = -0*z - 4*z. Let a = z - 7. Let j = 66 + a. Is j a composite number?
False
Let i(m) be the first derivative of 102*m**2 - 13*m + 2. Is i(6) a prime number?
False
Let a(y) = -70*y**3 + 7*y**2 + 7*y + 9. Is a(-4) composite?
True
Suppose 16*v - 19673 = 1943. Is v prime?
False
Let z = -1501 + 702. Let s = 1356 + z. Is s prime?
True
Suppose 44292 = 26*c - 14*c. Is c a composite number?
False
Let j(t) = -t**3 + 10*t**2 + 11*t - 11. Let r(a) = a**3 + a. Let x(h) = -j(h) - 2*r(h). Is x(-10) a prime number?
False
Suppose -4*i + 857 = -135. Let m be (-1)/3 - (685/(-3) - -4). Suppose -4*r + i + m = 0. Is r a prime number?
False
Let m(c) = -c**3 - 5*c**2 + c + 3. Let f be m(-5). Let i be f - (2 + -1 + -278). Let u = i - 64. Is u prime?
True
Let y be (4 - 1)/((-2)/(-6)). Let m = -7 + y. Suppose j - 125 = 2*k, -m*j + 216 = 5*k - 43. Is j a prime number?
True
Suppose 16*h + 3*h = 55119. Is h a composite number?
True
Let p(a) = -39*a**3 - 17*a**2 + 17*a + 7. Is p(-8) composite?
True
Let k(g) = 3895*g + 327. Is k(4) a prime number?
True
Suppose 2*k = -3*n + 1384, -2*k = k + 2*n - 2086. Suppose -888 = -4*i - 0*i - 4*m, 3*i - k = 5*m. Is i prime?
False
Let l(o) = -3*o**3 - 6*o**2. Let p(y) = -4*y**3 - 6*y**2 - y + 1. Let j(i) = 3*l(i) - 2*p(i). Is j(-9) prime?
True
Let g(v) = 4*v**2 - v**2 + 11 - v**2 + 0*v**2 - 11*v. Is g(-14) a prime number?
True
Is 1*107335*(-120)/(-600) prime?
True
Is 8/(-10) + 59469/5 a prime number?
False
Let w(o) = 4*o**3 - 30*o**2 - 35*o - 28. Is w(15) composite?
False
Let b(u) = -u + 22. Let v be b(17). Let t(s) = 320*s - 11. Is t(v) a composite number?
True
Let j(w) = 33*w**2 + 4*w + 3. Suppose -5*m + 45 = -45. Suppose 8*f + m = 2. Is j(f) a prime number?
True
Suppose 5*u - 3*t = -54, -3*t - 20 = u + t. Is 13 - (-2)/(8/u) prime?
False
Let n(b) = 75*b**3 + 3*b**2 + b - 13. Is n(5) prime?
False
Suppose k + 10154 = -a + 2*a, 2*a - 5*k = 20317. Is a prime?
True
Suppose -5*r - 14 = 6. Let t(v) = -457*v - 27. Is t(r) a composite number?
False
Suppose -1321 = -6*c + 5*c. Suppose -c = 4*h + 831. Let b = 549 - h. Is b composite?
False
Suppose -5*f = s - 68 + 4, 236 = 3*s + 4*f. Let q(o) = 56*o - 13. Let a be q(4). Let c = a - s. Is c a prime number?
True
Suppose -10 = 2*f - 7*f. Let i be (-1)/f - 27/(-6). Is (i + -5)*-2 - -251 a composite number?
True
Suppose -o - 3*u = 2*o + 12, -5*o + 2*u = -15. Is 1 + o + 1 + 30 prime?
False
Let b = 355439 - 246742. Is b a prime number?
False
Let r = 3544 + 679. Is r a prime number?
False
Suppose -354075 = -8*y - 7*y. Is y a composite number?
True
Let w(c) = -c**2 - 4*c + 5. Let b be w(-4). Let l be 922/b + (-12)/(-20). Suppose -5*n + 0*n + l = 0. Is n a composite number?
False
Let a = -196 + 378. Suppose -2*v - 151 = -5*f - 390, v + 4*f = 139. Let y = a - v. Is y a composite number?
True
Let l(b) = 27*b**2 - 6*b + 1. Let g(s) = -3*s + 1. Let f be g(3). Let d(n) = -18*n**2 + 4*n - 1. Let u(v) = f*d(v) - 5*l(v). Is u(2) composite?
True
Suppose -5*t + 2*f = -473, 2*f - 85 = -0*t - t. Is t prime?
False
Is (6/(-4))/(21/(-90503))*2 a prime number?
False
Let k be (-1 - -1)*(-7)/14. Suppose k = 8*s - 13*s + 3955. Is s a composite number?
True
Suppose 3*h = a + 1245, -1443 = 2*a - 2*h + 1035. Is (-1*5/10)/(2/a) a composite number?
True
Suppose -5*t - 6 = 4*y, -3*t + 3*y - 2 = 5*y. Suppose -d = -p - 4*p - 582, -d = t*p - 589. Is d a composite number?
False
Suppose 2*z + 2*i - 84 = 196, 5*z - 692 = -3*i. Suppose 0 = -2*d + z + 58. Is d a prime number?
True
Suppose -2*g + 2*y + 30560 = 0, -5*g + 0*g - 5*y = -76380. Is g composite?
True
Let n be (-30)/3*2/(-4). Suppose -2*x = -j + n*j + 6, -j = 3*x - 11. Suppose -x*z - h + 1034 = 0, 3*z + 190 = 4*z - 4*h. Is z prime?
False
Let m be 2*-2 - (5 + -12 + -2). Suppose -m*a = -2*x + 6941, 3*a - 17368 = -9*x + 4*x. Is x composite?
True
Let d(h) = -h**2 - 6*h - 5. Let u be d(-5). Suppose 5*j - 2*f - 10 = 0, j + f - 2 = -u*f. Is 1/(j/110 + 0) prime?
False
Suppose 0 = -0*p - 3*p + 9. Let f(m) = -m**3 + 19*m**2 + 22*m - 32. Let n be f(20). Suppose -n*w + 55 = -p*w. Is w composite?
False
Suppose -4*m + 3*l + 571 = 0, -m + 3*m - 287 = l. Suppose -y - 4*y + m = 0. Is (2 - y/(-2))*2 prime?
False
Suppose 0 = -10*a + 8*a - v + 10332, -3*a + v = -15503. Is a composite?
False
Is -10 + 372230/190 + (-2)/19 composite?
False
Suppose -2*j + 4*c - 5*c = -6216, -3*c = 6. Is j prime?
True
Let w(b) = -6*b - 64. Let n(l) = -l + 1. Let x(g) = 5*n(g) - w(g). Let z = -3 - -3. Is x(z) a prime number?
False
Let o = 0 + 4. Suppose k - y - 78 = -6*y, 0 = -3*k + o*y + 139. Is k composite?
False
Let w(y) = -89*y - 2. Let x be w(-3). Suppose k + 4*v + 65 = 2*v, x = -5*k + 2*v. Let d = 146 + k. Is d prime?
False
Suppose -4*q = -5*n + 28727, 4*n - 4*q - 22980 = -0*n. Is n composite?
True
Suppose 0*x = 2*x. Let q be (-2 + (-9)/(-6))*x. Is q*1/(-4) + 149 prime?
True
Suppose -13*b = -4*q - 12*b + 2353, q = -4*b + 567. Is q a prime number?
True
Let n(q) = -2*q + 12*q - 3*q + 7*q**2 + 3. Is n(-5) composite?
True
Suppose -80282 = -3*i + 4*n + 25149, i = -n + 35153. Is i a composite number?
False
Let o = -10 - -8. Let j(y) = -160*y**2 - 2*y - 3. Let z be j(o). Is 1 - (z/3 + 3) prime?
True
Suppose 0 = 4*v, -3*c + 4*v - 15 = 2*c. Is (1 - 27272/(-16))*(-2)/c prime?
False
Suppose -2*d + 5*q + 14 = 0, -2*d - 3*d - q + 35 = 0. Let f = -10 + d. Is -87*(f + (-16)/(-12)) a composite number?
True
Suppose -5*a + 34 - 49 = 0, 3*w = -3*a + 6456. Is w composite?
True
Let y(n) = 259*n - 169. Is y(18) a composite number?
False
Suppose -x - 3 = 0, 11*l + 4*x - 2504 = 7*l. Is l prime?
False
Let i(l) = 2*l**2 - 2*l + 2. Let d be i(1). Is (d/(-3))/((-20)/26610) composite?
False
Is 6/(-3) - 357979/(-19) composite?
False
Suppose -19*u - 413460 = -55*u. Is u a composite number?
True
Let l(d) = -3 + 111*d**2 + 3 - 109*d**2 - 351*d**3. Is l(-1) a composite number?
False
Suppose -3*l + 0*l + 3396 = 0. Let q = l + -803. Let m = q - -140. Is m a prime number?
False
Let j be (5 + -1)*(-6 - 52/(-8)). Suppose -4*z - t = -3*z - 57, t = j*z - 117. Is z a composite number?
True
Let x(g) = -229*g**3 + 3*g**2 + 90*g - 1. Is x(-6) a prime number?
True
Let k be (-1 - -2) + -5 - (-2 - 3). Let i = 10 + -3. Is 1295/i + (1 - k) a composite number?
True
Let s(m) = -1420*m**3 - 6*m**2 - 4*m + 1. Is s(-3) a prime number?
True
Let l(c) = 3*c**2 + 4*c - 5. Let y be l(1). Let t be (2/1)/(-2) + 5. Suppose -3*p + 876 = y*i + i, 0 = -t*i -